{"id":2,"date":"2014-03-13T16:58:14","date_gmt":"2014-03-13T15:58:14","guid":{"rendered":"http:\/\/www.josefin.schygge.se\/?page_id=2"},"modified":"2023-11-01T15:32:52","modified_gmt":"2023-11-01T14:32:52","slug":"om-josefin","status":"publish","type":"page","link":"https:\/\/www.josefin.schygge.se\/?page_id=2","title":{"rendered":"Om Josefin Schygge"},"content":{"rendered":"\n<p>Mitt skrivande r\u00f6r sig utifr\u00e5n fr\u00e5gan: vad h\u00e4nder om en kvinnas enda v\u00e4g till uppr\u00e4ttelse \u00e4r hon sj\u00e4lv? Jag skapar fiktion utifr\u00e5n verkliga kvinnor, verkliga ber\u00e4ttelser och deras upplevelse av att samh\u00e4llet sviker. I &#8220;Allt f\u00f6r dig&#8221; \u00e4r det Elma. I &#8220;N\u00e4rs\u00f6k&#8221; \u00e4r det Judith.<\/p>\n\n\n\n<p>Fokus i skrivandet \u00e4r just nu sp\u00e4nningsromaner som utspelar sig p\u00e5 Visings\u00f6. B\u00f6ckerna \u00e4r relationsdrivna och v\u00e4cker eftertanke. <\/p>\n\n\n\n<p>Ut\u00f6ver sp\u00e4nningsromanerna har jag skrivit l\u00e4ttl\u00e4st f\u00f6r vuxna, men \u00e4ven ungdomsb\u00f6cker. Jag \u00e4r verksam som redakt\u00f6r och l\u00e4romedelsf\u00f6rfattare och sk\u00f6nlitter\u00e4r f\u00f6rfattare. Jag \u00e4r utbildad l\u00e4rare i svenska, svenska som andraspr\u00e5k och filosofi.<\/p>\n\n\n\n<p><a href=\"https:\/\/www.instagram.com\/josefinschygge\/\">https:\/\/www.instagram.com\/josefinschygge\/<\/a><\/p>\n\n\n\n<p><\/p>\n\n\n\n<figure class=\"wp-block-image size-large\"><a href=\"http:\/\/www.josefin.schygge.se\/wp-content\/uploads\/2021\/12\/image0.jpeg\"><img loading=\"lazy\" width=\"612\" height=\"640\" src=\"http:\/\/www.josefin.schygge.se\/wp-content\/uploads\/2021\/12\/image0.jpeg\" alt=\"\" class=\"wp-image-214\" srcset=\"https:\/\/www.josefin.schygge.se\/wp-content\/uploads\/2021\/12\/image0.jpeg 612w, https:\/\/www.josefin.schygge.se\/wp-content\/uploads\/2021\/12\/image0-287x300.jpeg 287w\" sizes=\"(max-width: 612px) 100vw, 612px\" \/><\/a><\/figure>\n\n\n\n<p><\/p>\n","protected":false},"excerpt":{"rendered":"<p>Mitt skrivande r\u00f6r sig utifr\u00e5n fr\u00e5gan: vad h\u00e4nder om en kvinnas enda v\u00e4g till uppr\u00e4ttelse \u00e4r hon sj\u00e4lv? Jag skapar fiktion utifr\u00e5n verkliga kvinnor, verkliga ber\u00e4ttelser och deras upplevelse av att samh\u00e4llet sviker. I&#46;&#46;&#46;<\/p>\n","protected":false},"author":1,"featured_media":0,"parent":0,"menu_order":0,"comment_status":"closed","ping_status":"closed","template":"","meta":[],"_links":{"self":[{"href":"https:\/\/www.josefin.schygge.se\/index.php?rest_route=\/wp\/v2\/pages\/2"}],"collection":[{"href":"https:\/\/www.josefin.schygge.se\/index.php?rest_route=\/wp\/v2\/pages"}],"about":[{"href":"https:\/\/www.josefin.schygge.se\/index.php?rest_route=\/wp\/v2\/types\/page"}],"author":[{"embeddable":true,"href":"https:\/\/www.josefin.schygge.se\/index.php?rest_route=\/wp\/v2\/users\/1"}],"replies":[{"embeddable":true,"href":"https:\/\/www.josefin.schygge.se\/index.php?rest_route=%2Fwp%2Fv2%2Fcomments&post=2"}],"version-history":[{"count":21,"href":"https:\/\/www.josefin.schygge.se\/index.php?rest_route=\/wp\/v2\/pages\/2\/revisions"}],"predecessor-version":[{"id":237,"href":"https:\/\/www.josefin.schygge.se\/index.php?rest_route=\/wp\/v2\/pages\/2\/revisions\/237"}],"wp:attachment":[{"href":"https:\/\/www.josefin.schygge.se\/index.php?rest_route=%2Fwp%2Fv2%2Fmedia&parent=2"}],"curies":[{"name":"wp","href":"https:\/\/api.w.org\/{rel}","templated":true}]}}